*b**3 - 2*b**2 - 2*b - 1. Calculate the remainder when q is divided by c(-1).
1
Let f be -5*((4 - 2) + -3). Suppose -2*n + f*s + 55 = 0, n - 3*s = 4*n - 51. Calculate the remainder when 77 is divided by n.
17
Suppose -2*d = 2*o - 4*d - 40, -2*o + 30 = 3*d. Suppose -5*n + 276 = 4*m, 2*n + 0*n = -m + 108. Calculate the remainder when n is divided by o.
16
Suppose 0 = 3*n + g - 49, -2*n + 40 = -5*g + 2*g. What is the remainder when 31 is divided by n?
14
Let h be (-16)/(-8)*(1 + -2). Let t(q) = 11*q**2 + q + 1. Calculate the remainder when t(-1) is divided by (-1 - -2) + h + 5.
3
Suppose -v - 2*v = -42. Suppose q + z = v, 4*q - 5*q + z = -22. Calculate the remainder when 35 is divided by q.
17
Let o = 79 - 68. Calculate the remainder when 53 is divided by o.
9
Suppose z + 8 = -z. Let b be 50/6 - z/6. Suppose -l = -4*l + b. Calculate the remainder when 4 is divided by l.
1
Let q be (-3 - 1*-2) + 0. Let f(i) = -10*i**3 - i**2 + 1. Let p(l) = -15*l - 2. Calculate the remainder when p(-2) is divided by f(q).
8
Let x = 82 + -31. What is the remainder when x is divided by 19?
13
Suppose 4*z + 6 = 6*z. Suppose z*r - 100 - 29 = 0. Calculate the remainder when r is divided by 22.
21
Suppose -2*c - 10 = -5*j, 3*j - 3*c = 6*j + 15. Let f(n) = -n + 8. Calculate the remainder when 1/(-2)*(-25 + -3) is divided by f(j).
6
Let y(m) = -4*m**2 + 3*m + 2. Let k be y(-2). Let u = -12 - k. Let s(n) = 5*n. Calculate the remainder when u is divided by s(1).
3
Let f = 35 + -16. What is the remainder when 73 is divided by f?
16
Suppose 5 = 2*i - 3*f, -5*i + 2*i + 5*f = -5. Let j(r) = r**3 + 7*r**2 - r - 1. What is the remainder when i is divided by j(-7)?
4
Suppose -4*p + 252 + 156 = 0. Suppose -5*s + p - 27 = 0. Suppose -5*y + 86 = 3*z - 13, -128 = -5*z + 4*y. What is the remainder when z is divided by s?
13
Suppose -b + w - 1 = -w, 0 = -2*b - 2*w + 22. Let n(c) = 2*c**2 - 7*c - 12. What is the remainder when n(6) is divided by b?
4
Suppose -4*j = 97 + 51. Let o = j + 63. Calculate the remainder when o/(1/((-1)/(-1))) is divided by 14.
12
Let n(f) = -f**3 + 2*f**2 - 2. Suppose -u - 3*r = -4*r + 1, 4*u + 4*r - 20 = 0. Let k be n(u). What is the remainder when 14 is divided by 2 - (-3)/k*-4?
6
Let h(s) = -s**2 + 6*s - 6. Let n be h(4). Suppose 2*l + 6 = 30. What is the remainder when 0/2 - (-68)/n is divided by l?
10
Suppose 4*b = -0*b + 16. Suppose 284 = -0*n + b*n. Calculate the remainder when n is divided by 18.
17
Suppose -4*q = -2*o - 98, -1 = -3*o - q - 113. Let i = o - -66. Calculate the remainder when i is divided by 14.
13
Suppose -2 = -5*h + 2*f, 3*f = f - 2. Suppose -3*s + h = 3, s = 3*d - 1. Suppose -104 = -d*l - 2*l. Calculate the remainder when l is divided by 18.
16
Suppose n - 44 = -4*c - 3*n, 0 = 5*c - n - 79. Let h be (0 + 6)*(-1)/(-3). Suppose -h*w + 6*w = 176. What is the remainder when w is divided by c?
14
Suppose 6*w + 0*w = 42. Calculate the remainder when w is divided by 4.
3
Suppose 2*l = 0, -5*j + 0*l + 25 = l. What is the remainder when j is divided by 3?
2
Suppose -b + 4 = 2. Suppose 0 = -b*s - 0*s + 6. Let q = s + -1. What is the remainder when 3 is divided by q?
1
Suppose 2*b = 4*u - 287 + 73, 0 = -4*b - 12. Calculate the remainder when u is divided by 31.
21
Suppose -322 = -5*l - 3*d, -3*d = -3*l - 2*d + 182. What is the remainder when 184 is divided by l?
60
Suppose -p + 2 = o, -4 + 0 = -p. Let m = o + 6. Calculate the remainder when 39 is divided by 4/m + 18 + 1.
19
Suppose a + 1 = 0, -2*z - 4*a + 28 = -0*z. Suppose 0 = 2*r - 3 - 9. What is the remainder when z is divided by r?
4
Let b(z) = 3*z**3 - 5*z**2 - z + 1. What is the remainder when 200/2 - (0 + 0) is divided by b(3)?
32
Suppose -y = -2*y. Let h = y - -21. Let k = 76 + -68. What is the remainder when h is divided by k?
5
What is the remainder when 1/2*10 + -1 is divided by 1?
0
Suppose -2*h - 25 = -7*h. Suppose z + 4*w = -w + 54, h*w - 201 = -4*z. What is the remainder when z is divided by 17?
15
Suppose 0 = u - 1 - 20. What is the remainder when 81 is divided by u?
18
Let i(u) = -5*u**3 - u**2 - u. Let j be i(-1). Suppose 0 = j*l - 112 + 22. What is the remainder when 52 is divided by l?
16
Suppose -3*g + 151 = -5*p, -3*g + 5*g + 2*p = 90. Suppose -3 = 3*x - 0. Calculate the remainder when g is divided by x/4 + 65/4.
15
Suppose 2*i - 3*d + 10 = -8*d, 0 = -4*i - 3*d - 20. Suppose 5*l = -3*u + 15 + 45, 0 = u - 5. What is the remainder when (-1 - i)*(-16)/(-4) is divided by l?
7
Suppose 0 = 3*r, -r - 3 = -k - 0. Let f be -2 - (22 - 2)*k. Let n = 91 + f. Calculate the remainder when n is divided by 10.
9
Let d(x) = -6*x + 1. Let k be ((5 - 3)/1)/(-2). Suppose -76 = -0*w - 4*w. Calculate the remainder when w is divided by d(k).
5
Suppose -q = -2*m + 3*q + 56, 5*m + 5*q - 80 = 0. Let p = 1 - 3. Calculate the remainder when m is divided by (6/4 + p)*-14.
6
Let m be (-8)/12*(-3)/2. Let j(t) = 3*t**2 + t. Let i be j(m). Let v(k) = -k**3 + 6*k**2 - 5*k + 5. Calculate the remainder when 32 is divided by v(i).
15
Let y(i) = 19*i - 51. Suppose -3*c = -2*c + 4*m - 30, 0 = 3*m - 6. Calculate the remainder when y(6) is divided by c.
19
Let n(p) = -2*p + p**2 - 2*p - 2 - 1. Let j be n(5). Suppose 0*d = -k - 3*d + 16, -3*k = j*d - 69. Calculate the remainder when k is divided by 9.
7
Calculate the remainder when 46 is divided by (-1 - 2) + (-6 - -25).
14
Let w(g) be the second derivative of 1/6*g**3 + g - 5/2*g**2 + 0. What is the remainder when 4 is divided by w(7)?
0
Calculate the remainder when 28 is divided by -3 + (-1312)/(-72) - (-4)/(-18).
13
Let h(o) = -o**3 - 17*o**2 + 18*o - 9. Let p be h(-18). Let z = p + 12. What is the remainder when 14 is divided by z?
2
Let s = -8 - -20. Suppose -4*h + s = 3*j, -h + 3 = -0*h - 4*j. Calculate the remainder when (-1*h)/(18/(-120)) is divided by 11.
9
Suppose -4*n + 28 = 3*b, 0 = 2*b - 5*n + 14 - 2. Suppose 0 = b*k - 3*s - 17, -3*s + 34 = 3*k - s. Calculate the remainder when 31 is divided by k.
7
Let d(c) = 2*c + 38. Calculate the remainder when 59 is divided by d(-11).
11
Let c be 10/(-3 - 21/(-6)). Suppose -u + c = 4*a, 2*a + 23 = 3*u - 9. What is the remainder when 45 is divided by u?
9
Suppose 0 = -20*u + 18*u. Calculate the remainder when 22 is divided by 3*4 - u/(-3).
10
Let j = -15 + 31. Calculate the remainder when 79 is divided by j.
15
Let r(b) = -3*b**3 + 4*b + 3. What is the remainder when r(-2) is divided by 64/6 - (-2)/(-3)?
9
Suppose r - 6 = -r. Let j be 2 - (0 + 2)*1. Suppose -r*m - 2 + 26 = j. Calculate the remainder when m is divided by 5.
3
Suppose 3*b + 2*q - 38 = 0, b - 5*q - 13 = -6. Let y = 470 + -449. Calculate the remainder when y is divided by b.
9
Calculate the remainder when 50 is divided by (-116)/(-7) - (-9)/21.
16
Let v = 12 - -11. What is the remainder when 42 is divided by v?
19
Suppose -14 = -h + 2*u, -5*h - 3*u = 3 - 21. Let l(s) = 3*s - 3. What is the remainder when l(6) is divided by h?
3
Suppose 0 = -3*f - 146 + 32. What is the remainder when (f/(-3))/((-22)/(-33)) is divided by 4?
3
Suppose 22*p - 26*p + 8 = 0. Calculate the remainder when 9 is divided by p.
1
Let k = -49 - -70. What is the remainder when 103 is divided by k?
19
Let z(c) = c**2 - 4*c - 5. Suppose -f = -6*f + 130. What is the remainder when f is divided by z(6)?
5
Let z(v) = 25*v**2 + v. Let k = 0 + 0. Suppose 57 = 4*c + 5*n, k*n = 2*c + 2*n - 28. What is the remainder when z(-1) is divided by c?
11
Suppose 164 = 4*g + 4*z, -200 = -5*g - 2*z - 2*z. What is the remainder when g is divided by 19?
17
Let h = -69 + 207. What is the remainder when h is divided by 14?
12
Let y(p) = p**3 + 7*p**2 + 7*p + 8. Let u be y(-6). Suppose -w - 3*w = 4. What is the remainder when 32 is divided by (u - w)*22/6?
10
Let c = 3 + -1. Suppose -7*a + c*a = -135. What is the remainder when a is divided by 14?
13
Suppose -10 = 5*k, 0*w - w = 4*k - 10. Let u = w - 4. What is the remainder when 27 is divided by u?
13
Calculate the remainder when (3 - 55/25)/(2/165) is divided by 14.
10
Let a = 37 + 19. Let c = -11 - -30. Calculate the remainder when a is divided by c.
18
Suppose -4*s - 2 = -3*w + 2, 5*w + 2*s = 24. Suppose -89 = -3*k - 5*c, -5*c - 36 - 36 = -w*k. Let f = -11 + 19. What is the remainder when k is divided by f?
7
Let h(r) = 2*r**2 + 7*r + 5. Calculate t